se 190 + 3330 = -132*v + 164*v. Let p = g - v. What are the prime factors of p?
7, 19
Let k be 4/((-11)/(-14) - (-1)/(-2)). Let i(m) = m + 3. Let q be i(k). Let j(l) = l**2 - 15*l + 7. What are the prime factors of j(q)?
41
Let z(q) = 112*q - 1168. List the prime factors of z(35).
2, 43
Let l(b) = -b**3 + 2*b**2 + 2. Let w be l(0). Let f be 4/(-2 + 10/4). Suppose w = -7*z + f*z. List the prime factors of z.
2
Let o(i) = 10*i - 14. Let l be o(9). Let b = l - -322. What are the prime factors of b?
2, 199
Suppose 0 = 3*u + 3*q - 6546, 9*u - 8704 = 5*u + 2*q. Let t = u - 343. What are the prime factors of t?
5, 367
Let f = -8 - -14. Suppose 2*u = 4*h, f*u = 5*u + h + 3. Suppose -2*t = 2*y - u - 62, -5*y - 4*t + 168 = 0. List the prime factors of y.
2
Let r = -3332 + -3780. List the prime factors of (-10)/(160/r)*(2 - 0).
7, 127
Suppose -6570*i + 6592*i - 177364 = 0. List the prime factors of i.
2, 29, 139
Let f = 43698 + -61. List the prime factors of f.
11, 3967
Let z(x) = 2. Let f(m) = -104*m + 9. Let t(u) = f(u) - 5*z(u). What are the prime factors of t(-3)?
311
Suppose -3*o + 1821 = 3*r, -18*o = -3*r - 15*o + 1821. Let l = 754 + r. What are the prime factors of l?
1361
Suppose 5*w = 4*h - 101534, 2*w + 6757 = 3*h - 69383. List the prime factors of h.
2, 13, 61
Let a be 2 + -1 + 1 + 162. Let k be (-5 + -552 + -1)/((-5)/((-5)/(-2))). Let i = k - a. What are the prime factors of i?
5, 23
Suppose -5*f + 67854 = 2*g, -2*f + 244*g - 248*g = -27132. What are the prime factors of f?
2, 3, 13, 29
Let b = -26653 - -56445. What are the prime factors of b?
2, 7, 19
Let a = 301 + -298. Let h(x) = 17*x**2 + 2*x**2 + 2 - 2*x - 6*x + 0. List the prime factors of h(a).
149
List the prime factors of 1/22*4 - (0 - (-1040260)/(-55)).
2, 7, 193
Suppose -3*i + 3*y + 1890 = 0, 2*y = i - 13 - 615. Let f = 250 - i. List the prime factors of f/(-2) - (-10 - -6).
3, 5, 13
Let r be (-2 - 2) + (15 - 1). Let k be ((-12)/r)/(2/(-180)). Suppose 4*m - 88 = k. What are the prime factors of m?
7
Let f(c) be the second derivative of -c**3/2 + 15*c**2 - 18*c. Let n be f(10). List the prime factors of (328/2 - n) + 2 + -4.
2, 3
Suppose -2*f - 5*d = -48118, 19*d = -4*f + 15*d + 96260. What are the prime factors of f?
3, 71, 113
List the prime factors of (-6)/(-9)*11073*(3 - 3 - -1).
2, 3691
Suppose 0 = -4*g + 11*g - 56. Suppose g*a - 3982 + 382 = 0. List the prime factors of a.
2, 3, 5
Let k = 31251 - 17409. Suppose -6*l = -15*l + k. What are the prime factors of l?
2, 769
Let v(l) = 4*l**2 + 3*l + 18. Suppose -7*t + 65 = 6*t. What are the prime factors of v(t)?
7, 19
List the prime factors of -12 + (-43)/(516/(-157176)).
2, 3, 727
Suppose 0 = i + 358 - 2162. What are the prime factors of i?
2, 11, 41
Let w be (-168)/126*1542/(-8). Let y = -107 + w. What are the prime factors of y?
2, 3, 5
Let c = -5093 + 11409. What are the prime factors of c?
2, 1579
Let b(t) = t**2 - 13*t - 30. Let c be b(15). Suppose c = -h + 247 - 63. List the prime factors of h.
2, 23
Let h(c) = 11*c**2 + c + 1. Let o(w) = 17*w**2 + 2*w + 2. Let i(l) = -7*h(l) + 5*o(l). What are the prime factors of i(-4)?
7, 17
Let q(c) = c**2 - 24*c + 142. Let b be q(11). Let u(d) = 1 + 9*d - 59*d - 31*d. List the prime factors of u(b).
2, 41
Let o(q) = 2 - 257*q**3 + 946*q + 73*q**3 + 0*q**2 - q**2 - 948*q - 7. List the prime factors of o(-2).
3, 163
Suppose 19*z - 14*z - 880 = 0. What are the prime factors of 58/((-4)/(-2)*22/z)?
2, 29
Suppose 21*x - 17*x = -24, 0 = 3*m - x - 9423. What are the prime factors of m?
43, 73
Let j = -8174 + 11974. List the prime factors of j.
2, 5, 19
What are the prime factors of 171984/4*(-6)/(-18)?
2, 3583
Let y(t) = -2949*t - 1807. List the prime factors of y(-4).
7, 1427
Let p(k) = 30*k - 8*k**2 - 20*k**3 - 14*k**3 + 35*k**3 - 1 - 10. List the prime factors of p(10).
3, 163
Let v = 106 - 102. Let z be (v - 5 - -2) + 876/(-3). Let o = z + 507. List the prime factors of o.
2, 3
What are the prime factors of (-151 + 123)*73/(-2)?
2, 7, 73
Let p be (-4)/(-22) + 526*(-2)/(-22). Suppose 0*s + 34 = 2*s + 5*a, -5*a + p = 4*s. Let m = s + 81. What are the prime factors of m?
2, 11
Suppose -p = -5*s + 3*p + 2371, -3*p + 1401 = 3*s. Let t = 729 + -515. Suppose t = 5*h - s. What are the prime factors of h?
137
Let c = -1020 - -629. Let i = c + 776. What are the prime factors of i?
5, 7, 11
Suppose -4*m + 21 = u, 6*m - 3*m - 17 = -2*u. Let g(b) = 328*b**3 - 3*b**2 + 2*b. What are the prime factors of g(u)?
3, 109
Let k = -1973 + 4963. List the prime factors of k.
2, 5, 13, 23
Let h = 105 + -111. Let j be (-8 + 2)*64/h. Let a = j - -147. What are the prime factors of a?
211
Let d(s) = -11110 + 5549 + 5548 - 83*s. What are the prime factors of d(-9)?
2, 367
Let n(t) be the first derivative of -t**2 + 30*t + 26. Let d be n(9). What are the prime factors of (-12)/(-3)*42/d?
2, 7
Suppose -7*s = 104 - 34. Let k be (s + 9)/(((-10)/12)/(-5)). What are the prime factors of (k + 0)*18/(-4)?
3
Suppose 2*y - 22717 = -6295. List the prime factors of y.
3, 7, 17, 23
Suppose -12 = -35*y + 29*y. Suppose y*m = -14*m + 2144. List the prime factors of m.
2, 67
Let j(p) = -1754 + 832 + 17*p + 817. What are the prime factors of j(33)?
2, 3, 19
Suppose 5*m - 567 = 643. Suppose -66*x + 65*x + m = 4*p, -3*p = x - 246. What are the prime factors of x?
2, 3, 43
Let d = 1167 - 1052. Let a = 31 - 110. Let x = d + a. What are the prime factors of x?
2, 3
Let o = 152 - 152. Suppose o = 9*n - 12*n + 549. List the prime factors of n.
3, 61
Suppose 123 = p - 3*k - 0*k, -2*p = k - 239. Suppose -735 = -9*b + p. List the prime factors of b.
5, 19
Suppose -2*w + 6*p - 3*p + 245 = 0, 0 = 2*w + 2*p - 230. Let d = 671 - w. List the prime factors of d.
7, 79
Let h = -5003 + 2951. Let x = 3431 + h. What are the prime factors of x?
7, 197
Suppose 5*d = -4*a + 25251, -4*a - 5*d + 2*d + 25253 = 0. Suppose 0 = 4*h - h - 5*n - a, 5*n + 8422 = 4*h. What are the prime factors of (2/(-4))/((-17)/h)?
2, 31
Suppose -25*h = 84661 - 395786. List the prime factors of h.
5, 19, 131
Suppose 6*a - 72 = -6*a. Suppose -11*r + 9*r = -a. Suppose -613 = -5*d - 4*i - 226, 0 = -r*i + 9. List the prime factors of d.
3, 5
Let u = -164 - -166. Suppose -4*d - r = -2743, 0 = 2*d + u*r - r - 1371. What are the prime factors of d?
2, 7
Let g = 357 + -343. What are the prime factors of (21/g)/(1/908)?
2, 3, 227
Let a(y) = -43*y - 4. Let q be a(-16). Let p = 1504 - q. List the prime factors of p.
2, 5, 41
Let x = -20312 - -28791. Suppose 36*z - 50705 = x. List the prime factors of z.
2, 3, 137
Suppose 6*x - 1304 = -416. Suppose -5*u = -4*w - 411, -4*u - 2*w = -136 - 198. Let g = x - u. What are the prime factors of g?
5, 13
Let o(x) = 259*x - 14. Let i = -602 - -606. List the prime factors of o(i).
2, 7, 73
Let a(r) = -r**2 + 29*r + 78. Let x be a(22). Let p = 57 + x. List the prime factors of p.
17
Let o be -2 + 5 - (-1)/((-2)/(-4)). Suppose -5*h + 5433 = o*w + 1743, 4*w = -8. Suppose 299 = 2*f - k, -f + 4*k + h = 4*f. List the prime factors of f.
2, 19
Suppose 0 = -0*c - 5*c + 2*a + 27025, -4*a + 5405 = c. Suppose 21*y - 26*y = -c. List the prime factors of y.
23, 47
Let t = 74 + -84. Let d(h) = -21 - 7*h**2 - 2*h**2 + 2*h - h**3 + 0*h. What are the prime factors of d(t)?
59
Let x be 5 - (-1 + (7 - 3)). Suppose -3*u + 0*u = -x*c - 282, u = -3*c + 94. List the prime factors of u.
2, 47
Let j(s) = s**3 - 18*s**2 - 20*s + 19. Let z be j(19). Suppose -142 - 501 = -p + 3*h, -p - 5*h + 651 = z. What are the prime factors of p?
2, 17, 19
Let t(c) = 268*c + 1165. What are the prime factors of t(19)?
6257
Let v(f) = -9*f - 1. Suppose -16*c = -32*c - 496. What are the prime factors of v(c)?
2, 139
List the prime factors of 44 + -40 - (4 + 3 + -10477).
2, 5237
Suppose -117*p + 115*p = -8, -4*p = 4*w - 12000. List the prime factors of w.
2, 7, 107
Let h(w) be the second derivative of 29*w**6/720 + w**5/120 - 11*w**4/12 + 9*w. Let q(b) be the third derivative of h(b). What are the prime factors of q(8)?
233
Let n = -551 + 947. Suppose 2*y = 3*q - 2*y - 255, 0 = -5*q - 3*y + n. Suppose -m - 450 = -5*o, o - 3*m - q = -m. List the prime factors of o.
7, 13
Suppose -2*y = -7*y + 270. Let j(s) = -s**3 + s**2 + 42*s + 129. Let d be j(-6). Let g = d + y. What are the prime factors of g